 the remainder when b(i) is divided by 8.
5
Calculate the remainder when 2870 is divided by (-75*(-8)/(-192)*4)/((-1)/2).
20
Suppose -4*r - 19 = -u, -44*u + 45*u = 3*r + 15. Suppose -8*s = 5*t - u*s - 35, 3*t = 3*s + 21. What is the remainder when t is divided by (2/(-4))/(1/(-10))?
2
Let h be -1*49 + 5 + -2. Let l = h + 63. Calculate the remainder when l is divided by 8.
1
What is the remainder when 2080 is divided by (-27 + -5 + 1)*(5 - (10 + -4))?
3
Suppose 4*x + 4*d = 156, -5*x = 3*d - 28 - 167. What is the remainder when 146 is divided by x?
29
Let j = -21 + 87. Calculate the remainder when 109 is divided by (-2)/(-6) + 7/(126/j).
1
Let c be 3 + (-23)/7 + 46/14. Suppose c*h - 14*h + 561 = 0. What is the remainder when h is divided by -39*((-1)/3)/1?
12
Let b(f) = f**2 + 16*f + 71. Let z be b(-7). Suppose 0 = -z*a - 7*a + 525. What is the remainder when a is divided by ((-36)/(-10))/((-6)/(-20))?
11
Let y(k) = -76*k - 992. Let c = 4 + -1. Suppose -c*l - 2*w + 59 = 0, -3*l + 2*w = 5*w - 60. What is the remainder when y(-14) is divided by l?
15
Let c(t) = 22*t + 91. What is the remainder when 531 is divided by c(4)?
173
Suppose 0 = -44*u + 1584 + 2068. What is the remainder when u is divided by 11?
6
Suppose -10*p - 1064 = -21*p - 17*p. Calculate the remainder when 605 is divided by p.
35
Suppose 70*w - 8760 = 58*w. Calculate the remainder when w is divided by 12.
10
Suppose 269 - 43 = 2*g. What is the remainder when 237797/301 + 5/(-215) is divided by g?
112
Let y(g) = -3*g**3 + 18*g**2 + 31*g + 26*g**2 + 4 - 57*g**2 + 5 + 4*g**3. What is the remainder when 455 is divided by y(10)?
18
Suppose -2*p = 2*n - 6*n, -5*n = -3*p + 1. Suppose 0 = 18*z + 142 - 178. Calculate the remainder when z is divided by n.
0
Let q be -7 - 33/(-6) - (-5)/2. Calculate the remainder when 56 is divided by q*(-1)/(-3)*108/4.
2
Let z(c) = -713*c + 267. What is the remainder when z(-2) is divided by 14?
13
Let u(t) = t**3 + 16*t**2 + 83*t + 193. What is the remainder when -1 - 2 - (-618)/3 is divided by u(-9)?
8
Let n(z) = -1168*z - 13915. Suppose 0 = -2*w + 3*w - 13. What is the remainder when n(-12) is divided by w?
10
Let o = -385 + 468. What is the remainder when 147 is divided by o?
64
Let s(a) = -81*a + 1980. What is the remainder when s(21) is divided by 63?
27
Let y(t) = -t**2 + 53*t - 454. What is the remainder when y(42) is divided by 4?
0
Let v(b) = -b**2 + 22*b - 16. Suppose 2*s = 139 - 33. Let u = s - 38. What is the remainder when v(18) is divided by u?
11
Suppose 2*w + 3*y - 7 = 13, -5*w + 36 = 4*y. Suppose 3*c + s = 47 + 4, -2*c = -w*s - 34. What is the remainder when 133 is divided by c?
14
Suppose -5*j + 5175 = -5*c, 0 = -j + 2*c + 529 + 507. Calculate the remainder when j is divided by 14.
12
Let o be 27/18*((-30)/(-9) + 0). What is the remainder when 2/((-333)/67 + o) is divided by 37?
30
Suppose 2*n - 3*v - 278 = -0*n, 5*n + v = 712. Let t be (2 + -3)/((-8)/344). Let h = t - 7. Calculate the remainder when n is divided by h.
34
Suppose -26*b + 4*g = -24*b - 2166, 2*g = 5*b - 5415. What is the remainder when b is divided by 17?
12
Let m(y) = -421*y - 923. What is the remainder when m(-20) is divided by 139?
130
Suppose -840 - 204 = -174*b. What is the remainder when 523 is divided by b?
1
Suppose -46 = -2*x + 4*g, 493 = 16*x - 4*g + 41. What is the remainder when 4231 is divided by x?
26
Suppose -y = 3*y - 5*u + 21, 2*y - u = -15. Calculate the remainder when 495/y*(2 + -5) is divided by 21.
18
Let f = -750 - -773. Suppose 5*x = 6 + 49. What is the remainder when (42/4)/(f/138) is divided by x?
8
Suppose 114 = 3*s - y, 77*y - 176 = -5*s + 74*y. Suppose -5*p = -5*k + 46 - 1516, 0 = -4*p - k + 1181. What is the remainder when p is divided by s?
36
Let o(u) = -87*u + 60. Let x be (3/(-5)*1)/((-4)/(-20)). What is the remainder when o(x) is divided by 19?
17
Calculate the remainder when 81 is divided by (-168885)/(-2187) - (-2)/(-9).
4
Let v(t) = -5*t - 14. Let c = 61 - 67. Let o be (c/45*9)/((-1)/(-5)). What is the remainder when 79 is divided by v(o)?
15
Suppose 5*h - 60 = -5*z, 0 = -5*h + 4*z - 2*z + 102. What is the remainder when 532 is divided by h?
10
Let z = -52856 - -52868. Let h = 39 - -74. What is the remainder when h is divided by z?
5
Calculate the remainder when 3818 is divided by (25 + (-392)/16)/(1/134).
66
Let k(q) = -q**2 + 6*q - 3. Let p be k(3). Suppose 0 = -w - 4*r + 50, p*w = 3*w + 5*r + 133. Let v = -1280 + 1292. What is the remainder when w is divided by v?
10
Suppose 0 = 4*j + 4*o - 108, -4*j - 5*o + 103 = -5. What is the remainder when j is divided by (-2)/(-16)*-2 + 17/4?
3
Let h(b) = 32*b - 6. Let x be h(4). Let c = -29 + x. Let r(q) = -51*q + 526. Calculate the remainder when c is divided by r(10).
13
Let k(t) be the first derivative of -61*t**2/2 + 41*t - 254. Calculate the remainder when k(-4) is divided by 26.
25
Suppose 25*f + 24*f = -90*f + 38364. Suppose 0*n - 2*n - 8 = 0. What is the remainder when (-1 - 0)/(n/f) is divided by 7?
6
Let s = 34506 - 34441. Let i(z) = -15*z**3 + 2*z**2 + 1. What is the remainder when i(-2) is divided by s?
64
Let g(r) be the first derivative of -r**3/3 - 27*r**2/2 - 19*r + 102. Calculate the remainder when g(-12) is divided by 37.
13
Suppose 0 = -3*m - 3*m + 24. Suppose 44 = 2*h + 2*o, 9*o = -m*h + 4*o + 88. Calculate the remainder when 63 is divided by h.
19
Suppose -5*d = -3*h - 290, -19 = -2*d + 2*h + 101. Let l(n) = -5*n**2 + 3*n + 8. Let q be l(-2). Calculate the remainder when d is divided by q/108 - 86/(-12).
6
Let w be (3 - 2)/((-5)/(-60)). Let j = w - 7. Calculate the remainder when j is divided by (-38)/(-8) - (-3)/(-4).
1
Let t be 2 - 0 - 6*(-3)/(-6). Let h(x) = 11*x**2 + 3*x + 1. Calculate the remainder when 287 is divided by h(t).
8
Let b = -169 + 272. Let h be 2*(-135)/(-6) + 0. Suppose -i = 2*i - h. Calculate the remainder when b is divided by i.
13
Let n(p) = p**2 + 37*p - 241. Calculate the remainder when -6 + 2 - -4 - -61 is divided by n(6).
10
What is the remainder when 78*(84/(-9) + 11) is divided by 43?
1
Suppose 5*k + 2*h = 55, 2*h = 4*k + 3*h - 44. Let t(x) = 60016*x + 180050. Calculate the remainder when k is divided by t(-3).
1
Let b = 68 - 42. Let c(p) = 10*p - 148. Calculate the remainder when c(21) is divided by b.
10
Let d(h) = 83 - 26 + 4*h - 102 - 56. Calculate the remainder when d(37) is divided by 12.
11
Let v = -265 - -273. Suppose 9*j + 3*i = v*j + 76, -2*i - 195 = -3*j. Calculate the remainder when j is divided by 10.
7
Suppose 24717 = 9*f - 6*f - 2*l, 9*l = -3*f + 24717. What is the remainder when f is divided by 80?
79
Let r be (235 + 0)*12/15. Suppose 0 = -5*y - 4*o + r, -3*o = y - o - 34. Calculate the remainder when 78 is divided by y.
38
Suppose -43*p - 601 = -62*p + 444. Suppose 5*f = 3*h - 8, 12 = 2*f - 5*h - 0. Let t(n) = -n**2 - 8*n + 3. What is the remainder when p is divided by t(f)?
17
Let u(g) = 335*g - 344*g - 32 - 43 - 2. What is the remainder when 106 is divided by u(-9)?
2
Let i(l) = -2*l**3 - 30*l**2 + 86*l + 71. Calculate the remainder when i(-18) is divided by 79.
72
Let c(i) = i**2 - 8*i - 11. Let v be c(9). Let h(t) = t**2 + 31*t - 1. Calculate the remainder when h(-32) is divided by 124/16 - v/8.
7
Suppose -5*u = n - 179, 70 = -21*u + 23*u + 2*n. What is the remainder when 169 is divided by u?
25
Let g(t) = t**2 + 49*t + 42. Calculate the remainder when 3217 is divided by g(-50).
89
Let s = -17298 + 17374. Calculate the remainder when 376 is divided by s.
72
Calculate the remainder when 55 is divided by 5 - (-14 + 6 + 11).
1
Suppose -2*i + 101 = x, 3*i + 265 = 3*x - 29. Let h = -26295 + 26320. What is the remainder when x is divided by h?
24
Suppose -4*z + 2*s + 201 = -123, -3*s = z - 81. Suppose 0 = -30*m + 28*m + 4. Suppose 19 = q + m. Calculate the remainder when z is divided by q.
13
Suppose 2*u - 6 = 0, 4*s - u - 533 = -0*u. Suppose 2*b = -4*h - s, -2*h + 248 = -4*b - 0*h. What is the remainder when 138 is divided by 2*5*b/(-18)?
33
Let d(c) = -23*c + 803. What is the remainder when d(27) is divided by 75?
32
Let j be (-1)/3*(-306)/17. Let r be 1/(15/j - 2). Suppose -r*o = w - 3*w - 30, -74 = -4*o - 3*w. Calculate the remainder when o is divided by 10.
7
Suppose -5*t = -3*x - 660, 2*x - 7*x = 0. Let u be -7*((-4)/(-10